r of 457224924 and 1404.
156
Calculate the highest common factor of 272 and 475966.
34
Calculate the highest common factor of 160 and 4984112.
16
Calculate the highest common factor of 16 and 15140732.
4
Calculate the greatest common divisor of 80388910 and 3680.
230
Calculate the highest common factor of 7083970 and 452.
226
What is the highest common divisor of 36148318 and 23?
23
Calculate the highest common factor of 40 and 34054740.
20
Calculate the highest common divisor of 90725 and 248873.
191
What is the greatest common factor of 2100 and 18224640?
420
What is the highest common divisor of 1752 and 54600204?
876
Calculate the highest common factor of 46254625 and 1370.
685
Calculate the greatest common divisor of 16970795 and 579335.
5315
What is the greatest common factor of 196156 and 50242992?
6764
What is the greatest common factor of 2 and 4023722?
2
Calculate the greatest common divisor of 147097859 and 14165.
2833
What is the highest common factor of 4244304 and 48?
48
What is the greatest common factor of 2598165 and 87030?
45
Calculate the highest common factor of 299388976 and 1952.
976
Calculate the highest common factor of 19588251 and 57993.
4461
What is the greatest common factor of 1092 and 7039004?
28
What is the greatest common divisor of 6855936 and 12?
12
What is the greatest common factor of 462 and 19276719?
231
Calculate the greatest common factor of 3390 and 8180635.
565
Calculate the highest common divisor of 4386 and 6240564.
102
What is the greatest common divisor of 25061053 and 552?
23
What is the highest common factor of 22192038 and 1342?
22
Calculate the highest common factor of 55074509 and 68.
17
Calculate the greatest common factor of 4336759 and 7.
7
What is the highest common factor of 329634 and 774?
18
Calculate the greatest common factor of 398516 and 36984.
268
What is the greatest common factor of 75 and 33037850?
25
What is the greatest common divisor of 3804 and 1461?
3
What is the greatest common factor of 3786 and 510278973?
1893
What is the greatest common divisor of 4169903 and 62?
31
What is the highest common divisor of 3585409 and 533?
41
What is the highest common divisor of 9023052 and 132?
12
Calculate the greatest common divisor of 44443831 and 1037.
17
What is the greatest common factor of 1034595 and 33200?
415
Calculate the greatest common factor of 31176163 and 74.
37
Calculate the greatest common divisor of 138379 and 172033.
71
Calculate the highest common factor of 427 and 4544561.
427
What is the greatest common divisor of 352 and 147496360?
88
What is the greatest common divisor of 20 and 5255660?
20
Calculate the highest common factor of 67285437 and 9549.
3183
Calculate the highest common factor of 7714 and 60132834.
1102
Calculate the greatest common factor of 778532 and 2140.
428
What is the highest common factor of 56905984 and 5120?
256
What is the highest common divisor of 18210930 and 61275?
12255
Calculate the greatest common factor of 246261 and 214613.
989
What is the highest common divisor of 2717 and 36356177?
2717
What is the greatest common factor of 4604 and 35864009?
1151
What is the greatest common factor of 36660737 and 11?
1
Calculate the greatest common divisor of 86400 and 53730.
270
What is the greatest common divisor of 1476 and 558135?
9
Calculate the greatest common divisor of 245 and 94714970.
35
Calculate the greatest common divisor of 133604139 and 34.
17
What is the highest common factor of 1097842860 and 9?
9
What is the greatest common factor of 1369680 and 3810?
30
Calculate the greatest common factor of 6026 and 30958.
46
Calculate the highest common factor of 70 and 18035020.
10
What is the greatest common divisor of 6320590 and 403?
31
Calculate the highest common divisor of 628 and 66158387.
157
What is the greatest common divisor of 363740366 and 22?
22
Calculate the greatest common factor of 8856 and 15130845.
369
Calculate the greatest common divisor of 57836 and 765643.
19
Calculate the greatest common factor of 197965638 and 39.
39
What is the greatest common divisor of 98 and 1646351?
49
What is the greatest common factor of 187866 and 2423736?
2646
What is the highest common factor of 323 and 22276987?
323
What is the greatest common divisor of 13050 and 701325?
225
Calculate the greatest common divisor of 213010 and 1451690.
1790
Calculate the highest common factor of 67044292 and 2252.
2252
What is the highest common factor of 23292126 and 13?
13
Calculate the highest common divisor of 20678028 and 84.
84
Calculate the highest common divisor of 2939400 and 44850.
3450
What is the highest common factor of 10568 and 3216480?
8
Calculate the highest common divisor of 64 and 3308076.
4
Calculate the greatest common factor of 11508 and 2114952.
84
Calculate the greatest common divisor of 24175910 and 10.
10
Calculate the highest common factor of 16 and 734069856.
16
What is the highest common factor of 463981220 and 2370?
790
Calculate the greatest common divisor of 66 and 994532088.
66
What is the greatest common factor of 59800 and 32570200?
2600
What is the greatest common divisor of 528 and 74167728?
48
Calculate the highest common divisor of 2445698 and 62198.
454
Calculate the greatest common factor of 12 and 1111114644.
12
Calculate the highest common factor of 222 and 1724634.
6
Calculate the greatest common factor of 125856 and 905004.
828
Calculate the greatest common divisor of 68522733 and 697.
17
What is the greatest common factor of 22 and 32370734?
22
Calculate the greatest common divisor of 59723388 and 4257.
387
What is the greatest common factor of 396419 and 109783?
353
Calculate the greatest common factor of 633843 and 777.
21
What is the highest common factor of 219390 and 43310?
710
Calculate the greatest common divisor of 21560 and 45110.
10
What is the greatest common factor of 9835680 and 90?
30
Calculate the highest common divisor of 570 and 56732556.
114
What is the greatest common divisor of 70416 and 34992?
432
What is the greatest common divisor of 5324 and 6567154?
2662
What is the highest common divisor of 20018544 and 336?
336
What is the greatest common divisor of 119537756 and 1352?
676
What is the highest common divisor of 132043 and 253?
23
Calculate the highest common factor of 4 and 16036876.
4
Calculate the highest common divisor of 15037 and 140173.
11
Calculate the greatest common factor of 99 and 533649468.
33
Calculate the greatest common factor of 563550 and 36075.
975
Calculate the greatest common divisor of 834 and 35262354.
834
Calculate the highest common divisor of 2123640 and 909160.
680
What is the greatest common divisor of 375914 and 3095188?
4882
Calculate the highest common factor of 1793527 and 67192.
227
Calculate the highest common factor of 68 and 253884.
4
Calculate the greatest common divisor of 1 and 49863973.
1
What is the highest common factor of 90211043 and 38116?
9529
Calculate the greatest common factor of 30 and 750493875.
15
What is the highest common divisor of 32384 and 162800?
176
Calculate the highest common divisor of 98 and 388514.
14
What is the greatest common divisor of 26720 and 653152?
32
What is the highest common factor of 5968411 and 34153?
697
Calculate the highest common divisor of 1148843298 and 86.
86
Calculate the highest common factor of 16797075 and 30525.
2775
Calculate the highest common factor of 84378303 and 27.
9
What is the greatest common factor of 173468 and 700808?
68
Calculate the greatest common factor of 39067002 and 9048.
2262
Calculate the highest common divisor of 1072 and 84825082.
134
What is the greatest common divisor of 5698 and 2201248?
14
Calculate the highest common divisor of 25 and 1695564575.
25
What is the greatest common divisor of 30706 and 38058906?
2362
Calculate the highest common divisor of 114 and 66831432.
6
What is the highest common divisor of 40720 and 30983848?
4072
Calculate the highest common factor of 6723 and 1066028013.
2241
What is the highest common divisor of 6138 and 11796?
6
Calculate the greatest common divisor of 1033019246 and 969.
323
Calculate the greatest common divisor of 5732222 and 26272.
1642
What is the highest common divisor of 17134304 and 352?
352
Calculate the highest common